- -29).
-1
What is -7241 + 7214 - (21 + -2)?
-46
Evaluate (-565 - -512) + -33 + 144.
58
-68 + (-39 + 16 - -42)
-49
What is -28 + -9 + 19 - (4 - -1 - -33)?
-56
Evaluate 72 + -92 - (-71 - 3) - 9.
45
Evaluate 3 + 21 + 25 + -45 + (-3 - -4).
5
(24 + 43 - 62) + (129 - 6)
128
Evaluate (7 - ((22 - 20) + -12)) + -30.
-13
Calculate -3918 + 3902 + (33 - (-3 + 5)).
15
Evaluate 8 - (-7 - (-13 + 3) - -2 - -1).
2
What is (11 - (11 - 5)) + -5 - 8 - 6?
-14
Calculate 0 + (-4 - 4) - (-66 - -39 - -26).
-7
What is (32 - -28) + -44 - (-23 - -1)?
38
What is the value of -53 + 108 + -21 + 11?
45
7 + 29 + (-48 - -25 - 126)
-113
5 + -108 + -79 + 139
-43
What is (5 - 55) + (83 - 76)?
-43
Evaluate 20 - (-129 - -227 - (4 + -16 + -1)).
-91
What is -29 - 31 - 16 - -31?
-45
-104 + (1 - 2) - (8130 + -8135)
-100
What is the value of (-69 - (29 + -88 + 7)) + 1 + -50?
-66
(0 - -5) + -35 + -1
-31
(128 - 4) + (-1396 - -1330)
58
(-9 - (-151 - -57)) + -55
30
Calculate (1 - (-7 + 26)) + (6 - 19) + -33.
-64
Evaluate (-660 - -656) + (3 - 6) + -5 + (0 - -2).
-10
Calculate (20 - 1) + (-1 - (90 + -80)).
8
What is the value of 25 - 1 - (-671 + 646) - (-1 - -5)?
45
What is -4 + (-16 - -9) - ((1 - 4) + -52)?
44
(-8 - (-9 - (-5 + 13))) + -6 + 0 + 22
25
Evaluate -113 - -77 - (23 + -19 - -101).
-141
What is the value of (171 - 99) + -156 - (1 + -3 - -1) - -12?
-71
Calculate 20 + (-98 - -45) + 51.
18
What is the value of 67 + -9 + 0 + (2 + 8 - 11) + -11?
46
(-130 - -71 - -32) + -34
-61
Calculate (99 - 218 - -314) + -113.
82
Evaluate -65 - 0 - (-3633 - -3521).
47
Calculate 22 - (-52 - (-50 + (15 - -9))).
48
Evaluate 164 + -85 - (3 + -3 + -4) - (-5 - -1).
87
What is (-34 - 35) + 33 - -26 - -4?
-6
Evaluate (32 + 11 - 22 - 9) + -45.
-33
Evaluate (0 - -4) + 15 + -11 + (29 - 58).
-21
23 + -44 + 16 + 39 + (-3 - 9)
22
Calculate -5 - (-2 - 11 - (-13 - -12) - -14).
-7
What is (15 - (-5 - -7 - -11)) + 4 - 36?
-30
What is the value of (-3 + 0 - (-4 + -6 + 3)) + 8 + -46?
-34
Evaluate -19 + (7 - 15) - (-8 + (-6 - -16)).
-29
What is the value of 14 - (-72 - (-7 + 1 + 6 + (11 - 8)))?
89
Calculate 130 - 138 - -16 - (27 - 0) - -99.
80
Calculate -3 + 88 + -31 + -5 + 46 + -24.
71
Calculate -11 - (10 - (-10 + (17 - 11) - (-7 + 52))).
-70
-4 + 3 + -6 + (52 - 29) + 9
25
What is 10 + -3 - (37 + -55) - 39?
-14
Calculate -28 + -3 + (-3 - -8) + (216 - 208).
-18
What is -21 + (1 + 14 - (-1229 + 1281))?
-58
What is (42 - -12) + (18 - (-5 + 29 + -22))?
70
Evaluate (-361 - -367) + (1 - 48) - -30.
-11
What is the value of 6 + (-3 - -1 - 11) + -1?
-8
What is -14 - (3 - (24 - 29)) - -62?
40
What is the value of 45 - -7 - (7 + -10 + 21 + -9)?
43
Evaluate 16 - (21 - (-60 - -37)).
-28
Evaluate -11 + -22 - 35 - -66 - (1 + -9).
6
Calculate -12 - (1 - 1 - (-33 - -88)).
43
What is -60 + 20 - (1 + 1 - 2 - (-41 + 43))?
-38
What is the value of 219 + -125 - (-3 + (23 - (0 - -6)))?
80
What is the value of 10 + 2 + -4 + -53 + 66 + -48 - 2?
-29
What is the value of 5 + (-80 - (7 + 8 + -15 + 15)) - -3?
-87
What is (-16 + 5 + 7 - 3 - (-26 + 19)) + -3?
-3
What is the value of -23 + (242 - 214) + -1 + -15?
-11
What is -121 + 1 + 1 + -1 + (692 - 684) - 11?
-123
Calculate -71 + 61 + 0 + (19 - 4) + -77.
-72
What is the value of -20 + -10 + -12 - (-2 - (10 - 1))?
-31
166 - 38 - (-3 + 6 + 9 - (28 - 25))
119
Calculate 35 + -12 + -37 + 46 + 11.
43
Calculate -1 - -68 - (2770 + -2739).
36
-4 + 40 - (-171 - (-120 + 32))
119
Evaluate 0 - (3 + (-3 - -1) + -24) - (8555 + -8561).
29
What is the value of 6 + 1 + -5 + 156 + -150 + 2 + -42?
-32
Calculate (-31 - 2) + 9 + (4 - 3) + (12 - 18).
-29
What is the value of -355 - -389 - (3 - -10)?
21
What is the value of 130 + (45 - 330) + 204?
49
-88 - -114 - 87 - -33
-28
What is -59 - (24 + -70) - (-5 + -18)?
10
Evaluate 60 + 64 + -51 + -45.
28
What is 63 - (66 - (-3 - -33))?
27
What is the value of -82 + (-4 - (-120 + 111))?
-77
-53 + (-105 - -47 - -80)
-31
Evaluate (-7 - -12 - (-2 - 0)) + (-5 - -23 - 23).
2
-11 + (-39 - -46) - 13
-17
What is the value of -12 + (1 - (-27 + 15 - (-5 + -1))) - 72?
-77
What is -902 + 891 - (1 - (-1 + 7 + -3) - 134)?
125
What is the value of -4 + 28 + -3 + -51 + 34?
4
Calculate -20 - ((-9 - 17) + 14) - -15.
7
Calculate -43 - -17 - -104 - 28.
50
What is the value of 44 + -30 - 45 - 43 - (1 - 7)?
-68
Evaluate (23 - (24 + -5) - 10) + -4.
-10
What is the value of (11 + 12 + -8 - 0) + (-12 - 0 - -5)?
8
Calculate -11 + 5 + -621 + 606.
-21
Calculate 27 + -40 - (2 - (1 + 3)) - (455 - 420).
-46
What is the value of (127 - 184) + (7 - (-8 - (4 - 10)))?
-48
Calculate -519 - -517 - (-44 - 0).
42
What is 72 + (3 - 93) + 0 + 7?
-11
What is the value of (4 - 3) + 4 + (112 - 104 - (5 - 3))?
11
Calculate -2 + 15 + 19 + (-25 - 1) - 34.
-28
-46 + (-43 - (9 + -3 + -15))
-80
Evaluate 606 + -578 - (-2 + -9).
39
What is the value of -15 - (-82 + -12 - -69)?
10
What is the value of -102 - (-277 - -160) - (102 + -1)?
-86
Calculate -2 + -110 - (-342 + 267).
-37
Calculate 63 + (4 - (-15 - (7 - (1 - -7)))).
81
What is 34 - (-3 - (-69 - -20)) - (-93 + 1 + 0)?
80
Evaluate 116 + (-32 - 96) - (1 - 92).
79
Calculate -142 - (12 - (70 + -9)).
-93
What is (33 - (-8 - -7) - (-1 - 13)) + -12?
36
-11 - -41 - -48 - 71
7
(-17 - 6) + 25 + (16 - -9)
27
26 + -49 - (-20 + 2) - (31 - 1)
-35
What is 12 + (457 - 469) + 10 + (1 - 2) + 112?
121
Evaluate -45 - (-29 - (60 + -55)).
-11
Calculate -23 + (-18 - -96) + -14.
41
Calculate 4 + 2 + (2 - (0 - -4)) - (-313 + 297).
20
28 - 52 - -5 - (-42 + 1)
22
Calculate -32 + -17 - (-198 + 205 - (2 + -1 + 7)).
-48
What is the value of (0 - -27) + (-459 - -471) + (-2 - 13)?
24
105 + -149 + 205 + -42
119
(45 - 18) + -23 + 1 + 35 + 9
49
What is (0 + 1 - -8) + 51 + 9 + -51?
18
What is 9 - (3 + -32 + 20 + 97 - 22)?
-57
What is 6 + 1 + -1250 + 1250 - (7 + 1)?
-1
What is the value of 42 + 78 + -148 + -1 + 17?
-12
What is -54 + (3 - 1) + (38 - 38 - 15)?
-67
7 + (18 - 39) + 0 - (1 + 10)
-25
Calculate 11 + (-10 - 52) - (2 + -16).
-37
What is the value of -13 + (12 - 20 - -33) - (-11 + -29)?
52
What is the value of -117 + 71 + 2 + 34?
-10
What is -4 + 16 - (-11 + (-6 - -9) - -5)?
15
What is -11 + 18 + 40 + 3?
50
-3 + (51 + -70 - 15)
-37
Evaluate 65 + -103 - (5 + -18 - 71).
46
(2 + -2 - (29 + -49)) + 17
37
Evaluate -14 + (0 - -5) + -7 + -8 + 43 + -27.
-8
What is (4 - (-2 - 0)) + (-26 - (-9 - -7) - -27)?
9
What is -17 - (13 + (-6 - -30))?
-54
What is -59 + (13 - -28) - -2?
-16
Evaluate -32 + 2 + (-13 - -41 - 47 - (-6 - 3)).
-40
Calculate -17 + (30 - ((-77 - -34) + 40)).
16
What is 22 - ((12 - 5) + 14 + -31)?
32
256 - 298 - (-100 + -3) - 27
34
(-2 - 0) + 11 + (12 - (20 + 3))
-2
Calculate (36 - 2) + (90 - (245 - 79)).
-42
What is the value of 102 - (((3 - 0) + -1 - (255 - 252)) + 3)?
100
Evaluate 30 + -8 + -50 + 55.
27
What is the value of (-2 - -4 - -5 - (-37 + 35)) + 19?
28
What is the value of -26 - ((3 - (10 + -20)) + 7)?
-46
Evaluate (-21 + 43 - (13 - -2)) + (-83 - -6).
-70
-16 + 0 + 2 + 28 + 296 + -323
-13
290 + -49 + -100 + -78
63
-98 + -3 + 1 - (89 - (30 + 74))
-85
Evaluate 30 - (-36 + (-18 - 10) + 44).
50
Evaluate 0 + 0 + 61 + 124 + -222.
-37
Evaluate (29 - (7 + 87)) + -28 + (1 + -3 - -10).
-85
Calculate 126 + (-5 - 30 - (6 + -8)).
93
-11 + (-5 - (-4 - 8)) - (-25 - -24)
-3
Calculate -11 + 29 + 8 + (8 + -3 - -6) + -14.
23
Evaluate 18 + -17 + 16 + -6.
11
-52 - ((51 - 89) + 44)
-58
5 + (-1 - 1 - (28 + 13 - 16))
-22
What is the value of -7 + 88 + -33 + -5?
43
What is the value of (-11 - (18 + -14)) + 9 - (-95 - 1)?
90
What is the value of -6 + (-30 - -7) + -78 + 159?
52
What is the value of 7 - 11 - 0 - 3 - -6 - (121 + -2)?
-120
What is the value of 29 + -11 - -32 - 20?
30
What is (-60 - -52) + (-22 + 12 + -55 - 8)?
-81
What is -1 + -57 + 0 + 2 + 0 + 8 + -11?
-59
Calculate -14 + -1 + 20 + (51 + -29 - 35).
-8
0 - 36 - (21 - (5 - (15 + (-27 - -4))))
-44
Evaluate 27 - (12 - (9 - (-9 - -11))).
22
1 - 27 - (6 - 5) - (-30 + 15 + 19)
-31
Evaluate 3 + -35 - (10 + -4) - 0.
-38
Evaluate ((-1 - -5) + -7 - (-215 + 173)) + -3.
36
12 + -11 + 69 + -60
10
((-13 - 17) + 36 - 2) + (-1 - 6)
-3
Calculate 4 + -3 + 10 + (80 - 68).
23
What is the value of 16 + -1 + (25 - 2) + (2 - 6) - 10?
24
What is (3 + 78 - -1) + -4 + (1805 - 1811)?
72
1743 + -1691 + -67 + 1
-14
What is the value of -5 + (-13 - -15) + (-1 - 6 - -29) + -2?
